 4*s + 5*j, -s + j + 1128 = 0. What is the units digit of s?
7
Let o be (24/30)/((-1)/5). Let k be (-21)/o + 4/(-16). Suppose 0 = -4*y - k*c + 39, 2 = y + c - 7. What is the units digit of y?
6
Suppose 5*z + t = 12, -5*z - 5*t + 20 = -0*t. Let d be 31/((-4)/4) - z. What is the units digit of -1 + -1 - (d + 11)?
0
Let h = -24 + 18. What is the units digit of ((-8)/h)/(14/273)?
6
Let a = 204 - 118. What is the tens digit of a/7 + (-22)/77?
1
Suppose -4*d - 2938 = -5*b, -142 = -b - 5*d + 434. What is the tens digit of b?
8
Suppose -1200 = -4*l + 90*n - 87*n, 0 = -n. What is the hundreds digit of l?
3
Let f be ((-10)/4)/((-6)/12). Suppose f*d = 2*a + 4, -a = 3*a + d - 14. Suppose -2*x = 3*v - 43, -a*x - 5*v + 32 = -2*x. What is the tens digit of x?
1
Let i be -1*2*(-26)/(-4). Let n be -9 + 2 - -4 - 1 - -33. Let b = n + i. What is the units digit of b?
6
Suppose 5*j = -b + 53, -3*b - 5*j - 84 + 243 = 0. Suppose 5*p + 177 - 22 = 0. Let g = b + p. What is the tens digit of g?
2
Let n(f) = -f**3 + 10*f**2 - 10*f - 10. Let l be n(8). Suppose -r + l = -0*r - 3*u, -180 = -4*r + 5*u. What is the tens digit of r?
5
Suppose 5*f - c + 143 = 0, 4*c - 27 = f - 6. Let o = f - -59. What is the tens digit of (1 - o)/(1/(-1))?
2
Suppose -4*n + 412 = 4*b, 2*b - 200 = 23*n - 19*n. What is the tens digit of b?
0
Let s(y) = -3*y**3 + 3*y**2 - 3*y + 1. Let b be s(1). Let d(v) = 13*v**2 - 3*v - 5. What is the units digit of d(b)?
3
Suppose -29*f + 30318 = 64*f. What is the units digit of f?
6
Let n = -111 - -116. Suppose -o - 2*r = -n*r - 262, 3*r - 524 = -2*o. What is the units digit of o?
2
Let v(k) = 2*k**3 - 3*k**2 + 17*k - 7. What is the hundreds digit of v(7)?
6
What is the hundreds digit of 8857/6 - (665/42)/(-19)?
4
Suppose 0 = -3*r - 12 - 6. Suppose -q = -2*x - 1, 3*q + 4*x - 9 - 14 = 0. Let o = q - r. What is the units digit of o?
1
Let w = -18 - -25. Suppose -3*k = 4*h - 626, -k + w*h - 2*h = -215. What is the units digit of k?
0
Suppose -1661 = -3*y + b, 4*y - 2*b + 1673 = 7*y. What is the units digit of y?
5
Suppose 24 = -4*c - 12. Let g(p) be the second derivative of -p**3/2 + 5*p**2/2 - 4*p. What is the units digit of g(c)?
2
Let c(z) be the third derivative of 1/30*z**5 - 5/24*z**4 + 0*z + 0*z**3 - 3*z**2 + 0. What is the tens digit of c(5)?
2
Let b = 242 + -132. What is the units digit of b?
0
Suppose -g - 16 = -15. What is the tens digit of (4 + -3)*(66 - g)?
6
What is the tens digit of (160/24 - 6) + 583/3?
9
Let f be (-1)/(-4) - 5/20. Suppose 4*o = -f + 8. Suppose k - i - 14 = 0, -o*k + 23 = -4*i - 3. What is the units digit of k?
5
Suppose 20*x - 3917 = 15443. What is the units digit of x?
8
Let k be (-23)/18*-3 + 1/6. Suppose -l - k*f + 118 = -2*f, -f - 481 = -4*l. What is the units digit of l?
0
Let b be 3*(-2 - 26/(-6)). Let g = -1 - b. Let y = g + 54. What is the tens digit of y?
4
Let t(c) = 9*c**3 + 2*c**2 - c. Let w be 0 + 1 + (-6)/(-2). Suppose v - 3 = 2*v - w*g, 0 = -5*g + 5. What is the units digit of t(v)?
0
Let d = 281 - 141. What is the units digit of d?
0
Let b(n) = -n**2 + 0*n**2 - 6*n - 1 - 1. Let s be b(-5). Suppose x = 4*x - 5*l + 2, 0 = -s*x - l + 4. What is the units digit of x?
1
Suppose -p - 7*p = -3576. What is the units digit of p?
7
Suppose 439*i = 418*i + 91728. What is the units digit of i?
8
Let h = -591 + 829. Suppose 394 = 5*n - 4*f, -4*f = -4*n + n + h. What is the tens digit of n?
7
Let z(x) = 6*x**2 - 33*x - 511. What is the hundreds digit of z(-22)?
1
Let j(p) = 10*p**2 + 7*p - 58. What is the tens digit of j(7)?
8
Let a(l) = 2*l**2 - 5*l. Let z be 72/(-9) + 1 + 1. Let x = 10 + z. What is the units digit of a(x)?
2
Let c(t) = -2*t - 10. Let n be c(-6). Suppose -3 + n = v. What is the units digit of (5 + 1)/(v/(-5))?
0
Let j(r) be the second derivative of r**4/2 - r**3/6 - 5*r. Let f = 3 - 4. What is the units digit of j(f)?
7
Let x = 15 - 14. Let g = x + -2. What is the units digit of 27/(1 - (1 + g))?
7
Suppose -6*v - 10*v = 112. Let i(u) be the third derivative of -5*u**4/24 - u**3/2 - u**2. What is the units digit of i(v)?
2
Suppose 0 = -2*r + 9 - 3. Suppose 5 = m + r. Suppose 0 = 3*k - 0*k - m*i - 54, 2*i + 70 = 4*k. What is the tens digit of k?
1
Let q = -1001 - -2353. What is the tens digit of q?
5
Let n(r) = 5*r**2 + 20*r - 12. Let d(j) = 6*j**2 + 20*j - 11. Let z(v) = -6*d(v) + 7*n(v). What is the units digit of z(15)?
7
Let u = -31 - -33. Suppose -2*w - u*w = -220. What is the units digit of w?
5
Suppose -4*l - 3*g = 130, 0 = 5*l + g + 90 + 67. Let u = 89 - l. What is the hundreds digit of u?
1
Let h be (6/4)/((-3)/(-6)). Let i(l) = -2*l + 2*l**2 - 4*l - 5*l**2 - 6 + 4*l**3 - h*l**3. What is the units digit of i(5)?
4
Suppose 719 = 3*z - 763. What is the tens digit of z?
9
Suppose s - 3*s + 8 = 0. Let v(c) = -2*c + 0 - 3 - 5 + s. What is the units digit of v(-5)?
6
Let t(j) = 27*j - 13. Let c be t(3). Suppose 7*s - 6*s - c = 0. What is the tens digit of s?
6
Suppose -16*z + 2620 = -1444. What is the tens digit of z?
5
Let s = -280 + 2242. What is the thousands digit of s?
1
Let m(h) = h**3 + 4*h**2 - 4*h + 7. Let z be m(-5). Suppose 3*q - 4*t = 26, z*t = 2*q - 3*t - 15. What is the tens digit of q/(-4)*24/(-6)?
1
Let w be (-1 + 2 + -2)*-2. Suppose -4*g - 23 = -4*m + 5, 5*m - w*g = 20. Suppose m*k + 30 = 5*k. What is the units digit of k?
0
Suppose 0 = -6*o - 12 - 0. Let m be (o/1)/((-4)/(-94)). Let h = 66 + m. What is the tens digit of h?
1
Let s be 0 - ((-4)/(-8))/(1/(-10)). Suppose 0 = -8*q + s*q + 360. What is the units digit of q?
0
Suppose 2*a - 9162 = 2*k, -27*k = -4*a - 30*k + 18296. What is the hundreds digit of a?
5
What is the hundreds digit of (-338 + (-3 - -2 - -1))*-1?
3
Let h(a) = 0 + 3 + 6*a - 2 - 5 + a**2. Let v be h(-6). Let j(p) = p**2 - 6*p - 5. What is the tens digit of j(v)?
3
Let g(p) = p**2 - 4*p + 2. Let o be g(3). Let d be o/(-6) - 218/12. What is the tens digit of (31/3)/((-6)/d)?
3
Let i(z) be the third derivative of -z**4/24 + z**3 + 14*z**2. What is the units digit of i(-11)?
7
What is the hundreds digit of 250 + 3 + -1 + 5 + -3?
2
Suppose -2*d - 5*i + 288 = 0, -3*d - i - 2*i + 441 = 0. Suppose 3*q = -2*q + 4*f + 841, d = q + 4*f. Suppose -u - q = -4*u. What is the tens digit of u?
5
Let j(m) = 3*m + 33. Let p(u) = -u - 11. Let f(l) = 3*j(l) + 8*p(l). Suppose 0*a = -6*a + 4*a. What is the tens digit of f(a)?
1
Suppose 0*u + u = -2*j, -j - 1 = 0. Suppose k = -5*t + 70, -u*k - 4*t + 54 = -110. What is the tens digit of k?
9
Let r be (2 - (-2)/8)*4. Suppose -2*c = 4*f - 22, -c = 3*f - 0*f - r. Suppose 2*m + 5 - c = 0. What is the units digit of m?
5
Let n(s) be the second derivative of -2*s**3/3 - 7*s**2/2 - 10*s. What is the units digit of n(-5)?
3
Suppose -74*j = -77*j + 972. What is the units digit of j?
4
Suppose d + d = 3*u - 300, 0 = -d. Suppose 4*o - 276 = -u. What is the units digit of o?
4
What is the tens digit of ((-7648)/(-24))/((4/(-3))/(-2))?
7
Suppose 0 = 126*l - 127*l + 550. What is the tens digit of l?
5
Suppose -11*i - 162 = 14. What is the units digit of (i/6)/(((-1)/(-3))/(-1))?
8
Suppose 3*t + 25 = 8*t, -3*o - 3*t + 4092 = 0. What is the hundreds digit of o?
3
Suppose 0 = 2*d - 4*d. Suppose 3*z - 11 - 1 = d. Suppose z = 5*o - 61. What is the units digit of o?
3
What is the tens digit of (-11559)/(-10) - (-1)/10?
5
Let z be (-4)/18 + 328/18. Suppose -5*h = -112 - z. What is the units digit of h?
6
What is the hundreds digit of 9097/7 + (-416)/(-56) + -8?
2
Suppose 0 = 3*z + 10*z - 117. Suppose 4*b - 1911 = -z*b. What is the hundreds digit of b?
1
Let x = -5 - -9. Suppose 1 = -z, -x*g + 252 = -5*z - 89. What is the units digit of g?
4
Let z(p) = -339*p - 56. What is the units digit of z(-4)?
0
Suppose -6*h = -0*h. What is the hundreds digit of (-2)/((-14)/777 + (h - 0))?
1
Let f = 4088 + -1669. What is the tens digit of f?
1
Let j be 1 + (2 - 5) + 2. Let b be 40/24*(j + 3). Suppose -b*o + 77 - 12 = 0. What is the units digit of o?
3
Suppose -6*u = -u - 60. Suppose u*v - 13*v + 24 = 0. What is the units digit of v?
4
Suppose -3*a + 3*q - 104 = -2*q, -q = -5*a - 188. Let r = a - -87. What is the tens digit of r?
4
Let i be 10*(20 - 2) - 4. Suppose -k + i - 58 = 0. What is the tens digit of k?
1
Suppose -l + h + 814 = 0, 0 = -0*l - 2*l + 3*h + 1630. What is the